{"id":22,"date":"2024-02-02T17:42:41","date_gmt":"2024-02-02T16:42:41","guid":{"rendered":"https:\/\/www.doctisite.fr\/demo_dentiste_4\/?page_id=22"},"modified":"2024-09-05T17:48:13","modified_gmt":"2024-09-05T15:48:13","slug":"mentions-legales","status":"publish","type":"page","link":"https:\/\/www.doc2site.fr\/demo_dentiste_4\/mentions-legales\/","title":{"rendered":"Mentions l\u00e9gales"},"content":{"rendered":"\t\t<div data-elementor-type=\"wp-page\" data-elementor-id=\"22\" class=\"elementor elementor-22\">\n\t\t\t\t\t\t<section class=\"elementor-section elementor-top-section elementor-element elementor-element-47bea646 elementor-section-boxed elementor-section-height-default elementor-section-height-default\" data-id=\"47bea646\" data-element_type=\"section\">\n\t\t\t\t\t\t<div class=\"elementor-container elementor-column-gap-default\">\n\t\t\t\t\t<div class=\"elementor-column elementor-col-100 elementor-top-column elementor-element elementor-element-63f7268b\" data-id=\"63f7268b\" data-element_type=\"column\">\n\t\t\t<div class=\"elementor-widget-wrap elementor-element-populated\">\n\t\t\t\t\t\t<div class=\"elementor-element elementor-element-47ac1164 elementor-widget elementor-widget-text-editor\" data-id=\"47ac1164\" data-element_type=\"widget\" data-widget_type=\"text-editor.default\">\n\t\t\t\t<div class=\"elementor-widget-container\">\n\t\t\t<style>\/*! elementor - v3.19.0 - 28-02-2024 *\/\n.elementor-widget-text-editor.elementor-drop-cap-view-stacked .elementor-drop-cap{background-color:#69727d;color:#fff}.elementor-widget-text-editor.elementor-drop-cap-view-framed .elementor-drop-cap{color:#69727d;border:3px solid;background-color:transparent}.elementor-widget-text-editor:not(.elementor-drop-cap-view-default) .elementor-drop-cap{margin-top:8px}.elementor-widget-text-editor:not(.elementor-drop-cap-view-default) .elementor-drop-cap-letter{width:1em;height:1em}.elementor-widget-text-editor .elementor-drop-cap{float:left;text-align:center;line-height:1;font-size:50px}.elementor-widget-text-editor .elementor-drop-cap-letter{display:inline-block}<\/style>\t\t\t\t<h2>Mentions l\u00e9gales<\/h2><p>Doc2site est une marque de la soci\u00e9t\u00e9 R\u00e9sonance communication bas\u00e9e en France.<\/p><h3>Propri\u00e9taires et r\u00e9dacteurs :<\/h3><p>R\u00e9sonance communication SARL<br \/>23 rue de verdun<br \/>11000 Carcassonne<br \/>T\u00e9l. : 04 68 76 00 31<br \/>RCS CARCASSONNE 478 119 837<br \/>Site internet :<a href=\"http:\/\/www.resonancecommunication.com\/\">\u00a0R\u00e9sonance Communication<\/a><\/p><h3>R\u00e9alisation :<\/h3><p>R\u00e9sonance communication SARL<br \/>23 rue de verdun<br \/>11000 Carcassonne<br \/>T\u00e9l. : 04 68 76 00 31<br \/>Site internet :\u00a0<a href=\"http:\/\/www.resonancecommunication.com\/\">R\u00e9sonance Communication<\/a><\/p><h3>H\u00e9bergeur :<\/h3><p>OVH SARL 140<br \/>quai du Sartel<br \/>59100 ROUBAIX<br \/>T\u00e9l. : 08 99 70 17 61<br \/>Fax : 03 20 20 09 58<\/p><h3>Cr\u00e9dits photos :<\/h3><p>R\u00e9sonance communication SARL, Fotolia<\/p><h3>Commentaires, remarques et suggestions:<\/h3><p>R\u00e9sonance communication SARL ne garantit pas que ce site soit exempt de d\u00e9faut, d\u2019erreur ou d\u2019omission. L\u2019information qui y est contenue est destin\u00e9e \u00e0 vous apporter des indications g\u00e9n\u00e9rales et les mieux actualis\u00e9es possibles sur les sujets trait\u00e9s.<\/p><p>R\u00e9sonance communication SARL ne saurait en aucun cas \u00eatre tenus responsable des \u00e9ventuels d\u00e9fauts, erreurs ou omissions existant dans ce site, ni de l\u2019utilisation et de l\u2019interpr\u00e9tation de l\u2019information qu\u2019il contient. La pr\u00e9sente clause de r\u00e9serve juridique n\u2019a pas pour objet de limiter la responsabilit\u00e9 de la soci\u00e9t\u00e9 de mani\u00e8re contraire \u00e0 la l\u00e9gislation nationale applicable ni de l\u2019exclure dans les cas o\u00f9 elle peut \u00eatre engag\u00e9e en vertu de ladite l\u00e9gislation.<\/p><h3>Protection des donn\u00e9es personnelles, confidentialit\u00e9<\/h3><p>Aucune information personnelle n\u2019est collect\u00e9e \u00e0 votre insu. Aucune information personnelle n\u2019est c\u00e9d\u00e9e \u00e0 des tiers. Conform\u00e9ment \u00e0 la loi du 6 janvier 1978 relative \u00e0 l\u2019informatique, aux fichiers et aux libert\u00e9s, ce site a fait l\u2019objet d\u2019une d\u00e9claration aupr\u00e8s de la Commission Nationale Informatique et Libert\u00e9s.<\/p><p>Pour toute collecte d\u2019informations priv\u00e9es via le formulaire pr\u00e9sent sur ce site, vous disposez d\u2019un droit d\u2019acc\u00e8s, de modification, de rectification et de suppression des donn\u00e9es qui vous concernent. Pour l\u2019exercer, adressez-vous \u00e0 R\u00e9sonance communication SARL 23 rue de Verdun 11000 Carcassonne<\/p>\t\t\t\t\t\t<\/div>\n\t\t\t\t<\/div>\n\t\t\t\t\t<\/div>\n\t\t<\/div>\n\t\t\t\t\t<\/div>\n\t\t<\/section>\n\t\t\t\t<\/div>\n\t\t","protected":false},"excerpt":{"rendered":"<p>Mentions l\u00e9gales Doc2site est une marque de la soci\u00e9t\u00e9 R\u00e9sonance communication bas\u00e9e en France. Propri\u00e9taires et r\u00e9dacteurs : R\u00e9sonance communication SARL23 rue de verdun11000 CarcassonneT\u00e9l. : 04 68 76 00 31RCS CARCASSONNE 478 119 837Site internet :\u00a0R\u00e9sonance Communication R\u00e9alisation : R\u00e9sonance communication SARL23 rue de verdun11000 CarcassonneT\u00e9l. : 04 68 76 00 31Site internet :\u00a0R\u00e9sonance [&hellip;]<\/p>\n","protected":false},"author":1,"featured_media":0,"parent":0,"menu_order":0,"comment_status":"closed","ping_status":"closed","template":"","meta":{"footnotes":""},"class_list":["post-22","page","type-page","status-publish","hentry"],"_links":{"self":[{"href":"https:\/\/www.doc2site.fr\/demo_dentiste_4\/wp-json\/wp\/v2\/pages\/22","targetHints":{"allow":["GET"]}}],"collection":[{"href":"https:\/\/www.doc2site.fr\/demo_dentiste_4\/wp-json\/wp\/v2\/pages"}],"about":[{"href":"https:\/\/www.doc2site.fr\/demo_dentiste_4\/wp-json\/wp\/v2\/types\/page"}],"author":[{"embeddable":true,"href":"https:\/\/www.doc2site.fr\/demo_dentiste_4\/wp-json\/wp\/v2\/users\/1"}],"replies":[{"embeddable":true,"href":"https:\/\/www.doc2site.fr\/demo_dentiste_4\/wp-json\/wp\/v2\/comments?post=22"}],"version-history":[{"count":5,"href":"https:\/\/www.doc2site.fr\/demo_dentiste_4\/wp-json\/wp\/v2\/pages\/22\/revisions"}],"predecessor-version":[{"id":281,"href":"https:\/\/www.doc2site.fr\/demo_dentiste_4\/wp-json\/wp\/v2\/pages\/22\/revisions\/281"}],"wp:attachment":[{"href":"https:\/\/www.doc2site.fr\/demo_dentiste_4\/wp-json\/wp\/v2\/media?parent=22"}],"curies":[{"name":"wp","href":"https:\/\/api.w.org\/{rel}","templated":true}]}}